e j(-13).
-10
Let s(i) = -i**2 + 331*i - 6246. What is s(311)?
-26
Let w(t) = t**3 + 231*t**2 + 3406*t + 216920. Calculate w(-220).
0
Let j(a) = 5*a**3 + 91*a**2 - 33*a - 879. Give j(-18).
39
Let n(g) = 183*g**2 - 1283*g - 2. Calculate n(7).
-16
Let b(v) = 592*v - 3139. What is b(4)?
-771
Let c(r) = -57*r**3 + 164*r**2 + 49*r - 145. Give c(3).
-61
Let q(f) = -f**3 + 245*f**2 + 326*f + 166832. What is q(249)?
2
Let o(i) = -i**2 - 909*i + 228350. Calculate o(205).
-20
Let h(m) = m**3 - 14*m**2 - 151*m + 2169. What is h(13)?
37
Let n(d) = -450*d**2 + 14795*d - 30. Give n(33).
-1845
Let n(x) = -x**2 - 19415*x - 291006. Calculate n(-15).
-6
Let t(i) = i**3 - 6*i**2 - 1183*i + 7088. Calculate t(6).
-10
Let s(q) = 254*q**2 + 569*q + 8. What is s(-1)?
-307
Let a(l) = 360*l**2 + 395*l - 47. What is a(-1)?
-82
Let y(c) = 13248*c - 52950. What is y(4)?
42
Let b(n) = -4*n**2 - 1401*n + 5. Determine b(0).
5
Let q(v) = -270377*v - 7840928. Determine q(-29).
5
Let c(o) = -3867*o - 34948. Give c(-9).
-145
Let g(m) = -m**3 + 28*m**2 - 101*m + 54. Determine g(24).
-66
Let a(d) = 35293*d + 2717585. Calculate a(-77).
24
Let r(k) = 21250*k - 7522487. What is r(354)?
13
Let l(a) = -31*a**2 + 354*a - 422. Give l(10).
18
Let z(t) = -20*t**2 + 469*t - 1055. Calculate z(19).
636
Let s(r) = 34*r**2 - 5196*r + 19413. Determine s(149).
43
Let u(k) = -2*k**2 + 57*k - 257. Calculate u(22).
29
Let h(x) = -9*x**2 - 280*x - 206. Calculate h(-24).
1330
Let q(f) = f**2 - 35385*f - 2659511. Give q(-75).
-11
Let z(q) = 44*q**2 - 3427*q - 427. Give z(78).
-37
Let x(n) = n**3 - 14*n**2 - 290*n + 9. Determine x(-12).
-255
Let z(r) = -9127*r + 64183. Determine z(7).
294
Let w(x) = -x**3 - 148*x**2 + 748*x - 1610. What is w(-153)?
991
Let v(s) = -898*s - 167885. Calculate v(-187).
41
Let x(i) = 14*i**3 - 77*i**2 + 218*i - 645. Give x(3).
-306
Let r(m) = m**3 + 52*m**2 + 78*m + 515. What is r(-50)?
1615
Let a(d) = -762*d**2 + 436*d + 437. Give a(-1).
-761
Let z(n) = n**3 + 675*n**2 - 2653*n + 42813. Determine z(-679).
36
Let z(l) = l**3 - 24*l**2 - 377*l - 1254. Give z(-5).
-94
Let d(b) = 2086*b - 45692. Determine d(22).
200
Let k(g) = -185*g - 10645. Calculate k(-65).
1380
Let s(j) = 4*j**3 + 986*j**2 - 4514*j + 974. Give s(-251).
-30
Let i(x) = -x**3 - 59*x**2 - 38*x - 132. What is i(-58)?
-1292
Let d(w) = -55*w - 850. Give d(-17).
85
Let z(r) = -r**2 - 178*r + 79092. Calculate z(-384).
-12
Let p(m) = 3736*m - 108339. Determine p(29).
5
Let j(h) = 790836*h - 18189233. What is j(23)?
-5
Let u(q) = 452*q + 21336. Calculate u(-47).
92
Let a(i) = -3*i**2 + 616*i - 973. Calculate a(204).
-157
Let s(t) = 598*t**2 - 2765*t + 30. Determine s(4).
-1462
Let h(n) = 161*n + 3952. Determine h(-24).
88
Let z(w) = 16965*w + 23903691. Calculate z(-1409).
6
Let p(m) = -257*m**2 - 4119*m - 119. Calculate p(-16).
-7
Let q(k) = -11*k**3 + 41*k**2 - 252*k + 1067. Determine q(4).
11
Let x(z) = z**3 - 267*z**2 - 321*z + 14241. What is x(268)?
37
Let k(w) = -w**2 - 5809*w + 58197. Calculate k(10).
7
Let z(a) = 26*a**3 - 1455*a**2 - 65*a + 219. Determine z(56).
-285
Let a(b) = 268*b**2 + 9*b - 73. Give a(-3).
2312
Let z(f) = -f**3 - 70*f**2 - 647*f + 103. Determine z(-59).
-15
Let a(f) = -20*f**3 - 563*f**2 - 3224*f + 8. What is a(-8)?
8
Let q(m) = -103*m + 18300. Determine q(176).
172
Let v(t) = 150821*t + 6485290. Give v(-43).
-13
Let j(y) = 13*y**2 - 13593*y + 209117. Give j(1030).
27
Let v(c) = -48011*c - 528110. Calculate v(-11).
11
Let k(w) = -w**2 + 40*w - 341. Calculate k(79).
-3422
Let a(q) = -1454*q + 651240. Give a(448).
-152
Let n(p) = -125*p**2 + 1238*p - 1902. What is n(8)?
2
Let n(o) = o**2 + 109*o + 2824. Calculate n(-41).
36
Let h(s) = 4336*s - 21726. Determine h(5).
-46
Let g(q) = -144*q**2 - 24056*q - 1341. Give g(-167).
-5
Let g(q) = 3008*q + 102281. Calculate g(-34).
9
Let v(c) = -2435*c - 82775. What is v(-34)?
15
Let n(c) = 8*c**3 - 238*c**2 - 681*c + 3331. Determine n(32).
-29
Let i(q) = q**3 + 9*q**2 + 13*q - 23. Determine i(-5).
12
Let j(x) = x**2 + 54*x - 47779. Calculate j(-247).
-108
Let d(h) = 18*h**2 - 106*h - 18. Calculate d(-6).
1266
Let j(l) = 14*l**3 + 292*l - 294. Give j(1).
12
Let n(w) = -53*w - 6266. Calculate n(-122).
200
Let v(r) = -r**3 + 8*r**2 + 921*r - 34. Determine v(-27).
614
Let b(x) = 86*x**2 + 242*x - 2454. What is b(-8)?
1114
Let r(s) = 13*s + 69. Calculate r(50).
719
Let v(t) = -978*t - 56866. Give v(-58).
-142
Let g(s) = -s**3 + 109*s**2 - 2260*s - 209. Calculate g(28).
15
Let l(j) = -5*j**2 + 174*j + 38. What is l(2)?
366
Let w(s) = s**3 - 199*s**2 - 19*s + 2722. Calculate w(199).
-1059
Let v(r) = -11000*r - 54975. Calculate v(-5).
25
Let c(g) = g**2 - 614*g + 77620. Give c(436).
12
Let c(z) = -6547*z + 405915. Determine c(62).
1
Let g(f) = 720765*f + 8649143. Calculate g(-12).
-37
Let d(u) = 17549*u + 6019312. Calculate d(-343).
5
Let r(b) = 45*b**2 + 826*b + 269. Calculate r(-18).
-19
Let c(b) = 9*b**2 + 102*b - 4628. Give c(-27).
-821
Let j(u) = -8527*u - 3044147. Determine j(-357).
-8
Let m(o) = 21234*o - 4777652. What is m(225)?
-2
Let o(q) = -q**2 - 7268*q - 72594. What is o(-10)?
-14
Let o(j) = -12*j**2 - 1154*j + 1364. What is o(-90)?
8024
Let y(l) = 2*l**3 + 640*l**2 - 24072*l + 19. What is y(34)?
19
Let x(i) = -204*i - 2173. Determine x(-14).
683
Let n(s) = s**2 + 1883*s - 324773. Give n(159).
-95
Let a(d) = d**3 - 24*d**2 - 2047*d + 4362. Calculate a(58).
12
Let k(d) = 9457*d - 75648. Give k(8).
8
Let a(z) = 590*z + 2360. What is a(-6)?
-1180
Let b(x) = -432*x - 36840. Determine b(-85).
-120
Let s(f) = f**2 - 191*f + 551. Determine s(191).
551
Let a(r) = -4629*r - 1314642. What is a(-284)?
-6
Let z(g) = 8*g**3 + 1944*g**2 - 2000*g - 11706. Give z(-244).
6
Let v(u) = u**3 - 602*u**2 + 172*u - 103554. Calculate v(602).
-10
Let b(o) = -5*o**3 + 213*o**2 + 315*o - 305. Determine b(44).
3
Let l(y) = 3*y**3 - 809*y**2 + 11222*y - 364. Determine l(255).
146
Let m(a) = -12*a**2 - 1193*a - 8381. What is m(-7)?
-618
Let z(s) = -144054*s + 1728663. Calculate z(12).
15
Let y(x) = -22203*x - 910217. Calculate y(-41).
106
Let i(y) = 1226*y - 10611. What is i(8)?
-803
Let j(f) = -66*f**2 + 1365*f + 458. Determine j(21).
17
Let h(q) = 3*q**3 - 26*q**2 - 1242*q - 1216. Calculate h(-1).
-3
Let n(h) = 2036*h + 34478. Give n(-17).
-134
Let k(s) = -31*s**3 - 13*s**2 - 36*s + 261. Calculate k(4).
-2075
Let x(r) = -28*r**3 + 67*r**2 - 42*r - 114. Determine x(-4).
2918
Let c(f) = -2714*f - 220401. What is c(-81)?
-567
Let l(p) = -222*p + 4527. Calculate l(24).
-801
Let v(n) = -n**3 + 159*n**2 - 110*n + 17494. Give v(159).
4
Let n(d) = 2*d**3 + 108*d**2 - 1573*d + 38. Calculate n(-66).
-688
Let n(y) = 3*y**2 - 4677*y - 336986. Determine n(-69).
10
Let r(h) = 3*h**3 - 209*h**2 - 1076*h + 83763. What is r(69)?
-3
Let s(j) = -j**3 - 83*j**2 - 594*j + 482. Determine s(-75).
32
Let f(r) = 37559*r - 225349. Calculate f(6).
5
Let q(i) = 59*i**2 + 2056*i - 2651. Calculate q(-36).
-203
Let z(f) = -f**3 - 10*f**2 - 35*f - 664. What is z(-12)?
44
Let s(n) = n**2 - 89*n + 905. What is s(76)?
-83
Let t(x) = -5019*x - 1656251. Determine t(-330).
19
Let f(p) = -110606*p + 2765165. Determine f(25).
15
Let m(s) = -11119*s + 111205. Determine m(10).
15
Let z(y) = -y**3 + 18*y**2 + 4939*y - 88912. What is z(18)?
-10
Let w(v) = 4*v**2 + 569*v + 15374. Determine w(-106).
4
Let a(o) = o**2 - 54*o + 1581. Calculate a(38).
973
Let x(g) = -2*g**2 - 232*g - 3259. What is x(-103)?
-581
Let g(y) = -4820*y - 19267. Give g(-4).
13
Let j(z) = 6*z**2 - 3221*z + 24855. Give j(529).
-8
Let r(p) = -9*p**3 + 2051*p**2 - 8*p + 53814. Calculate r(228).
6
Let u(l) = -9860*l - 79771. Give u(-8).
-891
Let j(i) = -682*i**3 + i**2 - 343*i + 343. Give j(1).
-681
Let m(i) = -47*i**2 - 13*i - 323. What is m(9)?
-4247
Let a(m) = -2*m**3 + 95*m**2 - 591*m - 71. Give a(7).
-239
Let j(y) = 14394*y - 121. Calculate j(0).
-121
Let j(q) = -127*q + 230. What is j(1)?
103
Let q(l) = 87*l + 5231. Determine q(-60).
11
Let h(r) = -3*r**2 + 3710*r - 7424. Calculate h(2).
-16
Let q(l) = -1325*l**3 - 194*l**2 + 191*l + 2. What is q(1)?
-1326
Let r(n) = -2390*n - 1001407. Give r(-419).
3
Let f(n) = 5*n**3 + 123*n**2 - 34*n + 372. Calculate f(-25).
-28
Let i(q) = -693*q - 405394. Determine i(-585).
11
Let k(b) = -4*b**2 + 122*b